ns digit of 2323?
2
What is the units digit of 6436?
6
What is the tens digit of 169525?
2
What is the ten thousands digit of 10472?
1
What is the units digit of 29?
9
What is the units digit of 181?
1
What is the hundreds digit of 665?
6
What is the tens digit of 7602?
0
What is the tens digit of 11325?
2
What is the hundreds digit of 552?
5
What is the hundreds digit of 1517?
5
What is the tens digit of 2855?
5
What is the thousands digit of 111654?
1
What is the tens digit of 16244?
4
What is the ten thousands digit of 24250?
2
What is the units digit of 10649?
9
What is the units digit of 5694?
4
What is the units digit of 59701?
1
What is the tens digit of 9030?
3
What is the hundreds digit of 15137?
1
What is the hundreds digit of 2531?
5
What is the tens digit of 6303?
0
What is the hundreds digit of 2108?
1
What is the tens digit of 7363?
6
What is the tens digit of 40?
4
What is the ten thousands digit of 55570?
5
What is the tens digit of 62749?
4
What is the thousands digit of 8436?
8
What is the tens digit of 8111?
1
What is the units digit of 2343?
3
What is the hundreds digit of 4365?
3
What is the thousands digit of 4459?
4
What is the tens digit of 5158?
5
What is the units digit of 1421?
1
What is the tens digit of 19683?
8
What is the thousands digit of 8069?
8
What is the hundreds digit of 6188?
1
What is the hundreds digit of 1242?
2
What is the thousands digit of 1787?
1
What is the tens digit of 769?
6
What is the tens digit of 3736?
3
What is the units digit of 1883?
3
What is the thousands digit of 4326?
4
What is the hundreds digit of 292?
2
What is the hundreds digit of 28490?
4
What is the thousands digit of 71018?
1
What is the thousands digit of 31676?
1
What is the hundreds digit of 11021?
0
What is the tens digit of 742?
4
What is the thousands digit of 8680?
8
What is the units digit of 2198?
8
What is the units digit of 4854?
4
What is the hundreds digit of 728?
7
What is the tens digit of 329?
2
What is the units digit of 1147?
7
What is the units digit of 2124?
4
What is the tens digit of 37665?
6
What is the hundred thousands digit of 143999?
1
What is the tens digit of 23?
2
What is the units digit of 12002?
2
What is the tens digit of 7246?
4
What is the units digit of 992?
2
What is the tens digit of 61512?
1
What is the hundreds digit of 4486?
4
What is the hundreds digit of 1789?
7
What is the ten thousands digit of 15634?
1
What is the thousands digit of 2873?
2
What is the units digit of 29?
9
What is the thousands digit of 158743?
8
What is the tens digit of 148?
4
What is the units digit of 6839?
9
What is the hundreds digit of 2457?
4
What is the tens digit of 44023?
2
What is the tens digit of 27904?
0
What is the hundred thousands digit of 161951?
1
What is the ten thousands digit of 74477?
7
What is the thousands digit of 132503?
2
What is the units digit of 1553?
3
What is the hundred thousands digit of 117241?
1
What is the tens digit of 10791?
9
What is the hundreds digit of 1228?
2
What is the thousands digit of 2382?
2
What is the thousands digit of 6798?
6
What is the tens digit of 904?
0
What is the hundreds digit of 895?
8
What is the thousands digit of 38092?
8
What is the tens digit of 8451?
5
What is the hundreds digit of 1189?
1
What is the hundreds digit of 33019?
0
What is the hundreds digit of 27370?
3
What is the units digit of 33126?
6
What is the thousands digit of 7170?
7
What is the tens digit of 1323?
2
What is the hundreds digit of 80497?
4
What is the units digit of 447?
7
What is the thousands digit of 4503?
4
What is the tens digit of 30978?
7
What is the tens digit of 1503?
0
What is the units digit of 20128?
8
What is the thousands digit of 1014?
1
What is the thousands digit of 103228?
3
What is the hundreds digit of 8239?
2
What is the tens digit of 1148?
4
What is the units digit of 1150?
0
What is the thousands digit of 2723?
2
What is the thousands digit of 44588?
4
What is the hundreds digit of 11220?
2
What is the units digit of 11825?
5
What is the thousands digit of 1037?
1
What is the thousands digit of 11000?
1
What is the tens digit of 7160?
6
What is the thousands digit of 2131?
2
What is the tens digit of 6518?
1
What is the units digit of 515?
5
What is the tens digit of 556?
5
What is the tens digit of 777?
7
What is the tens digit of 70511?
1
What is the thousands digit of 1124?
1
What is the thousands digit of 4549?
4
What is the hundreds digit of 28836?
8
What is the thousands digit of 35629?
5
What is the thousands digit of 48276?
8
What is the hundreds digit of 6870?
8
What is the units digit of 3312?
2
What is the ten thousands digit of 84816?
8
What is the tens digit of 2184?
8
What is the units digit of 6214?
4
What is the tens digit of 749?
4
What is the hundreds digit of 3979?
9
What is the hundreds digit of 4527?
5
What is the ten thousands digit of 44120?
4
What is the units digit of 49975?
5
What is the units digit of 872?
2
What is the thousands digit of 60103?
0
What is the tens digit of 20585?
8
What is the units digit of 2621?
1
What is the hundreds digit of 4896?
8
What is the units digit of 96?
6
What is the tens digit of 10947?
4
What is the units digit of 1197?
7
What is the units digit of 52890?
0
What is the units digit of 418?
8
What is the hundred thousands digit of 101030?
1
What is the thousands digit of 21620?
1
What is the thousands digit of 3237?
3
What is the tens digit of 61394?
9
What is the hundreds digit of 749?
7
What is the tens digit of 3245?
4
What is the units digit of 21472?
2
What is the thousands digit of 44786?
4
What is the thousands digit of 50238?
0
What is the units digit of 561?
1
What is the hundreds digit of 35230?
2
What is the hundreds digit of 3022?
0
What is the tens digit of 4637?
3
What is the thousands digit of 2032?
2
What is the units digit of 10100?
0
What is the tens digit of 117?
1
What is the units digit of 11588?
8
What is the thousands digit of 16485?
6
What is the tens digit of 77611?
1
What is the hundreds digit of 943?
9
What is the thousands digit of 9404?
9
What is the units digit of 53?
3
What is the hundreds digit of 5508?
5
What is the hundreds digit of 126203?
2
What is the thousands digit of 6210?
6
What is the units digit of 5738?
8
What is the ten thousands digit of 20533?
2
What is the thousands digit of 43144?
3
What is the thousands digit of 4340?
4
What is the tens digit of 3287?
8
What is the hundreds digit of 10016?
0
What is the thousands digit of 1202?
1
What is the tens digit of 1929?
2
What is the hundreds digit of 1434?
4
What is the units digit of 4089?
9
What is the ten thousands digit of 32652?
3
What is the tens digit of 1515?
1
What is the ten thousands digit of 118492?
1
What is the units digit of 10727?
7
What is the tens digit of 372?
7
What is the hundreds digit of 3513?
5
What is the thousands digit of 6119?
6
What is the ten thousands digit of 11990?
1
What is the thousands digit of 37927?
7
What is the tens digit of 81128?
2
What is the tens digit of 39888?
8
What is the units digit of 3014?
4
What is the units digit of 871?
1
What is the thousands digit of 1590?
1
What is the tens digit of 20297?
9
What is the tens digit of 49466?
6
What is the tens digit of 32949?
4
What is the ten thousands digit of 116853?
1
What is the units digit of 8711?
1
What is the thousands digit of 3406?
3
What is the hundreds digit of 1337?
3
What is the ten thousands digit of 10682?
1
What is the ten thousands digit of 55132?
5
What is the hundreds digit of 660?
6
What is the thousands digit of 4077?
4
What is the thousands digit of 15808?
5
What is the hundreds digit of 1319?
3
What is the hundreds digit of 1987?
9
What is the tens digit of 35077?
7
What is the thousands digit of 1261?
1
What is the tens digit of 116?
1
What is the ten thousands digit of 180474?
8
What is the tens digit of 27838?
3
What is the units digit of 2215?
5
What is the units digit of 495?
5
What is the tens digit of 6367?
6
What is the thousands digit of 1211?
1
What is the thousands digit of 4652?
4
What is the thousands digit of 3877?
3
What is the thousands digit of 7090?
7
What is the units digit of 207?
7
What is the ten thousands digit of 24799?
2
What is the tens digit of 97660?
6
What